- 6*v - 6. Let f be x(6). List the prime factors of (-2 - 0)/(f/24).
2
Suppose s = 2*x - 1, x - 4*x = -3*s - 3. Suppose 2*h - 4 = x, -4*j + 2*h - 6*h = -84. What are the prime factors of j?
19
Let z(k) = -8*k + 2. Let u be z(1). List the prime factors of 4/8 + u/(-4).
2
Let b = -3 - -4. Let k be 6/b + -2 + 0. What are the prime factors of k - -2*3/6?
5
Suppose -4*k = k - 15, -l - 12 = -3*k. What are the prime factors of 2*1 - (l + -5)?
2, 5
Let c = -12 - -77. List the prime factors of c.
5, 13
Let b(v) = 2*v**3 - v**2 + v. Let s be b(-2). Let c = s - -32. What are the prime factors of c?
2, 5
Suppose -3*m - 2*x = -4 + 1, 5*m + 4*x = 3. Suppose 5*f = -a + 27, 3*a - 2*a + 13 = m*f. What are the prime factors of a?
2
Suppose 0 = -2*p - 2 - 0. Suppose 4*t + 4 = -0. List the prime factors of 0 + p - (t + -2).
2
Let a be 1 + 0 + (1 - 0). Suppose -3*d + 170 = 4*h, -2*d + 3*h = -d - 35. Suppose 3*u - d = -a*u. List the prime factors of u.
2, 5
List the prime factors of 3/2*(-192)/(-72).
2
Suppose -2*l - 4*f - 2 = 0, -4*l + 0*f = 3*f - 21. List the prime factors of l.
3
Let o(h) = h**2 - 5*h - 4. Let j be o(6). Suppose j = 5*f + 82. List the prime factors of 0/3*1 - f.
2
Suppose -4*r + 0*y = -2*y + 28, -r + 4*y - 21 = 0. Suppose 27 = 3*k + 24. What are the prime factors of (-138)/(-10) - k/r?
2, 7
Let p be (-9)/(21/(-6) + 2). Let m be 2*4/p*3. List the prime factors of (84/(-9))/m*-3.
7
Suppose -t - t + 4*b - 2 = 0, 3*t - 5*b = 2. What are the prime factors of t?
3
Let j = -204 - -295. List the prime factors of j.
7, 13
Let x(c) = c**2 + 6*c - 10. Let d(l) = l**2 - 7*l - 3. Let p be d(6). List the prime factors of x(p).
17
Let z(v) = -v**2 + 11*v - 4. What are the prime factors of z(10)?
2, 3
What are the prime factors of ((-1170)/4 + 0)/(15/(-20))?
2, 3, 5, 13
Suppose 4 = 5*d - 6. Suppose -d*l = -7 - 33. List the prime factors of l.
2, 5
Let h = 11 - 25. Let k = h + 35. List the prime factors of k.
3, 7
Suppose -5*u + 495 = 5*a, 2*u + 2*a = -u + 294. List the prime factors of u.
2, 3
Let b = 1 + 4. Suppose -b*s + 6 - 16 = 0. What are the prime factors of (-12)/10*15/s?
3
Let w(l) = 3*l**2 + 9*l + 14. List the prime factors of w(-8).
2, 67
Let v(i) = -3*i**3 + 8*i**2 - 6*i + 10. Let k(p) = 5*p**3 - 15*p**2 + 12*p - 19. Let n(o) = -4*k(o) - 7*v(o). List the prime factors of n(-5).
11
Suppose 0 = -v + 4*v + 6, -4*n + 3*v = -202. List the prime factors of n.
7
Let p(y) = y**3 + 7*y**2 + y - 5. What are the prime factors of p(-6)?
5
Suppose -4*k - 5 - 7 = 0. What are the prime factors of (-1)/((-174)/57 - k)?
19
Suppose -5*m + 5 = 3*u - 2, 2*u = 3*m + 11. Suppose 4*q = -u, -v - 2*q + 1 = -2. Suppose v*y = y + 8. List the prime factors of y.
2
Let x = 0 + 3. Let t(q) = 4*q + 1. What are the prime factors of t(x)?
13
Let x(c) = -c**3 + 15*c**2 + 19*c - 13. What are the prime factors of x(16)?
5, 7
Let l be 3*2/12*4. Suppose -43 = -l*g + 3*s, 0 = g - 0*s + 2*s - 4. List the prime factors of g.
2, 7
Suppose 2*r - 4*r - 4 = 0. Let t = 6 - r. List the prime factors of t.
2
Let p(n) = -4*n**3 - 2*n**2 - 2*n - 1. Let h be p(-1). List the prime factors of h + 16 + (-3 - 0).
2
Suppose 2 + 3 = a. Let b(n) = -n**2 - 5*n + 12*n - 5 + 0*n**2. What are the prime factors of b(a)?
5
Let b = -20 + 11. Let n be ((-24)/b)/(4/24). Suppose 0 = -0*a + a - n. List the prime factors of a.
2
Suppose -45 = -0*z - 5*z. List the prime factors of z.
3
Let x(i) = -2*i - 2. Let p be x(-3). Let z be p/(1/((-3)/(-2))). Suppose f = -3 + z. What are the prime factors of f?
3
Let d(b) = 2*b**3 - 2*b**2 + 2. Let h = 5 + -2. Let a be d(h). Suppose 4*c - a = s, 4*c + 3*s - 11 = 19. List the prime factors of c.
3
Let g = 228 - 76. What are the prime factors of g?
2, 19
Let l(v) = -v**3 + 4*v**2 + 3*v - 5. Let k(b) = b**2 + 3*b + 2. Let a be k(-3). Suppose a*y - 2 = 6. What are the prime factors of l(y)?
7
Suppose g - 1 = 2. Let r be g/1 - -20 - -2. Suppose 4*j + r = 5*h - 7, j + 6 = h. List the prime factors of h.
2
Let o be -1 + (11 - -1)*1. Let h = -17 + o. What are the prime factors of (-4)/h - (-8)/6?
2
Let b(n) = 6*n + 10. Let p(z) = z + 2. Let q(h) = 2*b(h) - 11*p(h). Let k be q(3). Suppose m = 9 + k. What are the prime factors of m?
2, 5
Suppose 4*k = -4*v + 128, 3*v + k = 6*k + 72. Let c = v + -16. List the prime factors of c.
13
Let p(i) = -i + 1. Let b be p(-1). Suppose -3*o + 3*f + 75 = 0, f = -b*o - 4*f + 15. Suppose 2*h - o = -3*h. List the prime factors of h.
2
Let u = 0 + 5. Let a = 13 - 13. Suppose 3*f = 4*i + 13, a = f - u*f - 5*i + 69. List the prime factors of f.
11
Let a(m) = 2*m - 2 + 4*m**2 - 10*m**2 + m + m**3 + 4*m. Suppose 2*n + 5 = 15. What are the prime factors of a(n)?
2
Let o(u) be the second derivative of -3/2*u**2 + 0 - 5/12*u**4 - 1/20*u**5 - 3*u + 5/6*u**3. List the prime factors of o(-6).
3
Suppose -3*u + 181 = 4*p, 5*p = -4*u + 160 + 80. What are the prime factors of u?
5, 11
Suppose 5*w - 587 = -5*h + w, 0 = -5*h - 2*w + 581. List the prime factors of h.
5, 23
Let a(b) = -b**2 + 6*b + 6. Let u be a(6). Suppose -10 = -2*i + u. List the prime factors of i.
2
Suppose -165 = -5*f - 5*h, 4*f - 96 = 4*h + h. List the prime factors of f.
29
Suppose -3*b + 5*f + 2 = -3, 1 = -b - f. Suppose b = 2*z + 2*z - 24. List the prime factors of z.
2, 3
Suppose 0*r + 2*r - 6 = 0. Let l(t) = -5*t**3 - t**2 - 3*t + 1. Let d be l(r). List the prime factors of 1/4 - d/32.
5
Suppose -3*i - 100 = 2*i. Let b = 36 + i. What are the prime factors of 116/b + 2/(-8)?
7
Suppose 0 = 3*o + o. Suppose 2*n + i - 12 = o, i = n + 4*i - 11. What are the prime factors of n?
5
Let g = 7 + -15. What are the prime factors of (-2)/g + 99/4?
5
Let a be 2/4*0/(-4). What are the prime factors of (a + 3)/((-6)/(-8))?
2
List the prime factors of (138/(-9))/(16/(-24)).
23
Let h be 2/(-4)*(-2 + 0). Let v(z) = -h + 5 - 3 - 8*z. What are the prime factors of v(-1)?
3
Let w(p) = 1 - p + 1 - 3 + 0. Let g(i) = -i**3 + 5*i**2 - i - 1. Let q be g(5). List the prime factors of w(q).
5
Let k(x) = 37*x - 10*x - 14*x - 14*x + x**3 - 4*x**2. Let a(t) = -t**2 - 5*t + 5. Let j be a(-5). What are the prime factors of k(j)?
2, 5
Let s(z) = z**2 - z - 2. Let j be s(3). Suppose v - 6*v = -25. Suppose -3*i = c - 0*c - 38, -v*i + 69 = -j*c. List the prime factors of i.
13
Let z = 17 - 12. Suppose m + 5*y - z = 0, -5*m + 2*y = -y - 53. List the prime factors of m.
2, 5
Suppose -2*s = 2*s - 140. What are the prime factors of s?
5, 7
Let z(w) = -3*w**2 + 10*w + 4. Let y(s) = -7*s**2 + 21*s + 8. Let i(p) = -4*y(p) + 9*z(p). What are the prime factors of i(-6)?
2
Let q = 117 - 47. What are the prime factors of q?
2, 5, 7
Let u(k) = -4 + k**2 + 0*k**2 - 1 + 3*k. What are the prime factors of u(-6)?
13
Suppose -4*d + 3*r = -1122, -4*d + 5*r + 823 = -303. What are the prime factors of d?
3, 31
Let h(i) = 2*i**2 - 6*i + 1. Let u be h(9). Suppose 4*r - 146 = -2*z, -u = -3*r - z - 0*z. List the prime factors of r.
2, 3
Let m be 2/(-5) + (-124)/(-10). Let i = -7 + m. List the prime factors of i.
5
Suppose 5*l = 10, 100 = 5*b - 3*l - 119. What are the prime factors of b?
3, 5
Let c be -2*12/(-8)*1. Suppose 0 = -c*k + 48 + 69. What are the prime factors of k?
3, 13
Suppose 5*i - 156 = -4*p, 4*i + p - 5*p - 96 = 0. Let o = -10 + i. Suppose 6*c = 3*c + o. What are the prime factors of c?
2, 3
Suppose -273 = -5*c + 232. What are the prime factors of c?
101
Suppose -31*t + 1380 = -26*t. What are the prime factors of t?
2, 3, 23
Let a = -6 + 12. List the prime factors of a.
2, 3
Let w = 14 - 5. What are the prime factors of 12*(-1)/w*-3?
2
Let m(g) = 3*g**2 + 18*g - 10. Let i(b) = -16*b**2 - 91*b + 49. Let u(q) = -2*i(q) - 11*m(q). What are the prime factors of u(-15)?
3
Let h(b) = b**2 + b. Let g be (2/(-3))/(8/12). Let y be h(g). Suppose y*i = -3*i + 18. List the prime factors of i.
2, 3
Suppose 4*g - 9 = 3*c, -g - 5*c - 10 = 5. Suppose w + 3 - 23 = g. Let f = -12 + w. List the prime factors of f.
2
Suppose -6*k = -3*k. Suppose 3*z + 5*m - 26 = 0, k = -2*z - 3*z + 2*m + 2. What are the prime factors of 14/2 + 1*z?
3
Suppose -2*b + 4 = 2. Suppose 3*j = 5*x - 21 - 21, -2*x - j = -19. Suppose -v - b = -x. What are the prime factors of v?
2
Let s(m) = 10*m - 5. Let x be s(2). What are the prime factors of 110/x - (-1)/(-3)?
7
Let v(y) = y**3 - 3